{"version":"1.0","provider_name":"FLU-OR Arquitectura","provider_url":"https:\/\/flu-or.com\/web","author_name":"fluor","author_url":"https:\/\/flu-or.com\/web\/author\/fluor\/","title":"Expositories para Galicia Design Week [GDW] - FLU-OR Arquitectura","type":"rich","width":600,"height":338,"html":"<blockquote class=\"wp-embedded-content\" data-secret=\"9ATU1syfYl\"><a href=\"https:\/\/flu-or.com\/web\/gdw\/\">Expositories para Galicia Design Week [GDW]<\/a><\/blockquote><iframe sandbox=\"allow-scripts\" security=\"restricted\" src=\"https:\/\/flu-or.com\/web\/gdw\/embed\/#?secret=9ATU1syfYl\" width=\"600\" height=\"338\" title=\"\u00abExpositories para Galicia Design Week [GDW]\u00bb \u2014 FLU-OR Arquitectura\" data-secret=\"9ATU1syfYl\" frameborder=\"0\" marginwidth=\"0\" marginheight=\"0\" scrolling=\"no\" class=\"wp-embedded-content\"><\/iframe><script type=\"text\/javascript\">\n\/* <![CDATA[ *\/\n\/*! This file is auto-generated *\/\n!function(d,l){\"use strict\";l.querySelector&&d.addEventListener&&\"undefined\"!=typeof URL&&(d.wp=d.wp||{},d.wp.receiveEmbedMessage||(d.wp.receiveEmbedMessage=function(e){var t=e.data;if((t||t.secret||t.message||t.value)&&!\/[^a-zA-Z0-9]\/.test(t.secret)){for(var s,r,n,a=l.querySelectorAll('iframe[data-secret=\"'+t.secret+'\"]'),o=l.querySelectorAll('blockquote[data-secret=\"'+t.secret+'\"]'),c=new RegExp(\"^https?:$\",\"i\"),i=0;i<o.length;i++)o[i].style.display=\"none\";for(i=0;i<a.length;i++)s=a[i],e.source===s.contentWindow&&(s.removeAttribute(\"style\"),\"height\"===t.message?(1e3<(r=parseInt(t.value,10))?r=1e3:~~r<200&&(r=200),s.height=r):\"link\"===t.message&&(r=new URL(s.getAttribute(\"src\")),n=new URL(t.value),c.test(n.protocol))&&n.host===r.host&&l.activeElement===s&&(d.top.location.href=t.value))}},d.addEventListener(\"message\",d.wp.receiveEmbedMessage,!1),l.addEventListener(\"DOMContentLoaded\",function(){for(var e,t,s=l.querySelectorAll(\"iframe.wp-embedded-content\"),r=0;r<s.length;r++)(t=(e=s[r]).getAttribute(\"data-secret\"))||(t=Math.random().toString(36).substring(2,12),e.src+=\"#?secret=\"+t,e.setAttribute(\"data-secret\",t)),e.contentWindow.postMessage({message:\"ready\",secret:t},\"*\")},!1)))}(window,document);\n\/\/# sourceURL=https:\/\/flu-or.com\/web\/wp-includes\/js\/wp-embed.min.js\n\/* ]]> *\/\n<\/script>\n","thumbnail_url":"https:\/\/i0.wp.com\/flu-or.com\/web\/wp-content\/uploads\/2022\/06\/GDW-110011-thumbnail.jpg?fit=1800%2C918&ssl=1","thumbnail_width":1800,"thumbnail_height":918,"description":"La instalaci\u00f3n inicialmente proyectada para la Galicia Design Week 2022 fue pensada como una nueva estructura urbana que form\u00f3 parte del \u00e1mbito de la Plaza de Lugo (A Coru\u00f1a) durante el mes de julio de 2022. Su \u00e9xito fue la estandarizaci\u00f3n de su montaje y la capacidad de estas estructuras de ser f\u00e1cilmente montadas y desmontadas, de ah\u00ed que se han convertido en estructuras que permiten la itinerancia de la exposici\u00f3n."}

La instalación inicialmente proyectada para la Galicia Design Week 2022 fue pensada como una nueva estructura urbana que formó parte del ámbito de la Plaza de Lugo (A Coruña) durante el mes de julio de 2022. Su éxito fue la estandarización de su montaje y la capacidad de estas estructuras de ser fácilmente montadas y desmontadas, de ahí que se han convertido en estructuras que permiten la itinerancia de la exposición.
