{"id":380,"date":"2017-01-16T10:32:02","date_gmt":"2017-01-16T10:32:02","guid":{"rendered":"http:\/\/flu-or.com\/web\/?page_id=7"},"modified":"2017-02-27T11:39:54","modified_gmt":"2017-02-27T11:39:54","slug":"clopp","status":"publish","type":"page","link":"https:\/\/flu-or.com\/web\/clopp\/","title":{"rendered":"Clopp"},"content":{"rendered":"<p class=\"jetpack-slideshow-noscript robots-nocontent\">El pase de diapositivas requiere JavaScript.<\/p><div id=\"gallery-380-1-slideshow\" class=\"jetpack-slideshow-window jetpack-slideshow jetpack-slideshow-black\" data-trans=\"fade\" data-autostart=\"1\" data-gallery=\"[{&quot;src&quot;:&quot;https:\\\/\\\/i0.wp.com\\\/flu-or.com\\\/web\\\/wp-content\\\/uploads\\\/2017\\\/01\\\/clopp_01.jpg?fit=1798%2C1200\\u0026ssl=1&quot;,&quot;id&quot;:&quot;653&quot;,&quot;title&quot;:&quot;clopp_01&quot;,&quot;alt&quot;:&quot;&quot;,&quot;caption&quot;:&quot;&quot;,&quot;itemprop&quot;:&quot;image&quot;},{&quot;src&quot;:&quot;https:\\\/\\\/i0.wp.com\\\/flu-or.com\\\/web\\\/wp-content\\\/uploads\\\/2017\\\/01\\\/clopp_02.jpg?fit=1798%2C1200\\u0026ssl=1&quot;,&quot;id&quot;:&quot;654&quot;,&quot;title&quot;:&quot;clopp_02&quot;,&quot;alt&quot;:&quot;&quot;,&quot;caption&quot;:&quot;&quot;,&quot;itemprop&quot;:&quot;image&quot;},{&quot;src&quot;:&quot;https:\\\/\\\/i0.wp.com\\\/flu-or.com\\\/web\\\/wp-content\\\/uploads\\\/2017\\\/01\\\/clopp_03.jpg?fit=1800%2C1200\\u0026ssl=1&quot;,&quot;id&quot;:&quot;655&quot;,&quot;title&quot;:&quot;clopp_03&quot;,&quot;alt&quot;:&quot;&quot;,&quot;caption&quot;:&quot;&quot;,&quot;itemprop&quot;:&quot;image&quot;},{&quot;src&quot;:&quot;https:\\\/\\\/i0.wp.com\\\/flu-or.com\\\/web\\\/wp-content\\\/uploads\\\/2017\\\/01\\\/clopp_04.jpg?fit=1798%2C1200\\u0026ssl=1&quot;,&quot;id&quot;:&quot;656&quot;,&quot;title&quot;:&quot;clopp_04&quot;,&quot;alt&quot;:&quot;&quot;,&quot;caption&quot;:&quot;&quot;,&quot;itemprop&quot;:&quot;image&quot;},{&quot;src&quot;:&quot;https:\\\/\\\/i0.wp.com\\\/flu-or.com\\\/web\\\/wp-content\\\/uploads\\\/2017\\\/01\\\/clopp_05.jpg?fit=1798%2C1200\\u0026ssl=1&quot;,&quot;id&quot;:&quot;657&quot;,&quot;title&quot;:&quot;clopp_05&quot;,&quot;alt&quot;:&quot;&quot;,&quot;caption&quot;:&quot;&quot;,&quot;itemprop&quot;:&quot;image&quot;},{&quot;src&quot;:&quot;https:\\\/\\\/i0.wp.com\\\/flu-or.com\\\/web\\\/wp-content\\\/uploads\\\/2017\\\/01\\\/clopp_06.jpg?fit=1800%2C1200\\u0026ssl=1&quot;,&quot;id&quot;:&quot;658&quot;,&quot;title&quot;:&quot;clopp_06&quot;,&quot;alt&quot;:&quot;&quot;,&quot;caption&quot;:&quot;&quot;,&quot;itemprop&quot;:&quot;image&quot;},{&quot;src&quot;:&quot;https:\\\/\\\/i0.wp.com\\\/flu-or.com\\\/web\\\/wp-content\\\/uploads\\\/2017\\\/01\\\/clopp_07.jpg?fit=1798%2C1200\\u0026ssl=1&quot;,&quot;id&quot;:&quot;659&quot;,&quot;title&quot;:&quot;clopp_07&quot;,&quot;alt&quot;:&quot;&quot;,&quot;caption&quot;:&quot;&quot;,&quot;itemprop&quot;:&quot;image&quot;},{&quot;src&quot;:&quot;https:\\\/\\\/i0.wp.com\\\/flu-or.com\\\/web\\\/wp-content\\\/uploads\\\/2017\\\/01\\\/clopp_08.jpg?fit=1800%2C1200\\u0026ssl=1&quot;,&quot;id&quot;:&quot;660&quot;,&quot;title&quot;:&quot;clopp_08&quot;,&quot;alt&quot;:&quot;&quot;,&quot;caption&quot;:&quot;&quot;,&quot;itemprop&quot;:&quot;image&quot;}]\" itemscope itemtype=\"https:\/\/schema.org\/ImageGallery\"><\/div>\n","protected":false},"excerpt":{"rendered":"<p>Clopp es una tienda de ropa emplazada en un local situado en la calle San Andr\u00e9s 44 en A Coru\u00f1a.<br \/>\nSe trata de un espacio rectangular estrecho, donde la piedra y el enfoscado blanco son los protagonistas. El color natural de la piedra se conjuga con los tonos de madera de roble utilizados en el mobiliario, como puede ser el mostrador y los percheros.<br \/>\nLas paredes de piedra se rematan en su base con un z\u00f3calo de piedra, del cual emergen los percheros conformados en cobre y acero. El cobre se ha utilizado como material base en todos los elementos que componen la tienda.<br \/>\nEl mostrador se muestra como un bloque de madera apoyado en dos conjuntos de patas tambi\u00e9n rematadas en cobre y acero.<br \/>\nMas all\u00e1 del arco de piedra existente est\u00e1 la zona de transici\u00f3n a la parte trasera, donde se sit\u00faa el aseo y los probadores, tambi\u00e9n resueltos con tablero marino.<\/p>\n<p>fotograf\u00eda: Rub\u00e9n Ulloa<\/p>\n<p><img decoding=\"async\" data-src=\"http:\/\/flu-or.com\/web\/wp-content\/uploads\/2017\/01\/clopp-01.png\" alt=\"\" width=\"100%\" class=\"alignnone size-full wp-image-196 lazyload\" src=\"data:image\/svg+xml;base64,PHN2ZyB3aWR0aD0iMSIgaGVpZ2h0PSIxIiB4bWxucz0iaHR0cDovL3d3dy53My5vcmcvMjAwMC9zdmciPjwvc3ZnPg==\" style=\"--smush-placeholder-width: 1667px; --smush-placeholder-aspect-ratio: 1667\/449;\" \/><\/p>\n","protected":false},"author":1,"featured_media":652,"parent":0,"menu_order":0,"comment_status":"closed","ping_status":"closed","template":"","meta":{"footnotes":""},"class_list":["post-380","page","type-page","status-publish","has-post-thumbnail","hentry"],"yoast_head":"<!-- This site is optimized with the Yoast SEO plugin v27.4 - https:\/\/yoast.com\/product\/yoast-seo-wordpress\/ -->\n<title>Clopp - FLU-OR Arquitectura<\/title>\n<meta name=\"robots\" content=\"index, follow, max-snippet:-1, max-image-preview:large, max-video-preview:-1\" \/>\n<link rel=\"canonical\" href=\"https:\/\/flu-or.com\/web\/clopp\/\" \/>\n<meta property=\"og:locale\" content=\"es_ES\" \/>\n<meta property=\"og:type\" content=\"article\" \/>\n<meta property=\"og:title\" content=\"Clopp - FLU-OR Arquitectura\" \/>\n<meta property=\"og:description\" content=\"Clopp es una tienda de ropa emplazada en un local situado en la calle San Andr\u00e9s 44 en A Coru\u00f1a.  Se trata de un espacio rectangular estrecho, donde la piedra y el enfoscado blanco son los protagonistas. El color natural de la piedra se conjuga con los tonos de madera de roble utilizados en el mobiliario, como puede ser el mostrador y los percheros. Las paredes de piedra se rematan en su base con un z\u00f3calo de piedra, del cual emergen los percheros conformados en cobre y acero. El cobre se ha utilizado como material base en todos los elementos que componen la tienda. El mostrador se muestra como un bloque de madera apoyado en dos conjuntos de patas tambi\u00e9n rematadas en cobre y acero. Mas all\u00e1 del arco de piedra existente est\u00e1 la zona de transici\u00f3n a la parte trasera, donde se sit\u00faa el aseo y los probadores, tambi\u00e9n resueltos con tablero marino.  fotograf\u00eda: Rub\u00e9n Ulloa\" \/>\n<meta property=\"og:url\" content=\"https:\/\/flu-or.com\/web\/clopp\/\" \/>\n<meta property=\"og:site_name\" content=\"FLU-OR Arquitectura\" \/>\n<meta property=\"article:publisher\" content=\"https:\/\/www.facebook.com\/xeracionfluor\/\" \/>\n<meta property=\"article:modified_time\" content=\"2017-02-27T11:39:54+00:00\" \/>\n<meta property=\"og:image\" content=\"https:\/\/i0.wp.com\/flu-or.com\/web\/wp-content\/uploads\/2017\/01\/cloppF.jpg?fit=1200%2C800&ssl=1\" \/>\n\t<meta property=\"og:image:width\" content=\"1200\" \/>\n\t<meta property=\"og:image:height\" content=\"800\" \/>\n\t<meta property=\"og:image:type\" content=\"image\/jpeg\" \/>\n<meta name=\"twitter:card\" content=\"summary_large_image\" \/>\n<meta name=\"twitter:site\" content=\"@flu_or\" \/>\n<script type=\"application\/ld+json\" class=\"yoast-schema-graph\">{\"@context\":\"https:\\\/\\\/schema.org\",\"@graph\":[{\"@type\":\"WebPage\",\"@id\":\"https:\\\/\\\/flu-or.com\\\/web\\\/clopp\\\/\",\"url\":\"https:\\\/\\\/flu-or.com\\\/web\\\/clopp\\\/\",\"name\":\"Clopp - FLU-OR Arquitectura\",\"isPartOf\":{\"@id\":\"http:\\\/\\\/flu-or.com\\\/web\\\/#website\"},\"primaryImageOfPage\":{\"@id\":\"https:\\\/\\\/flu-or.com\\\/web\\\/clopp\\\/#primaryimage\"},\"image\":{\"@id\":\"https:\\\/\\\/flu-or.com\\\/web\\\/clopp\\\/#primaryimage\"},\"thumbnailUrl\":\"https:\\\/\\\/i0.wp.com\\\/flu-or.com\\\/web\\\/wp-content\\\/uploads\\\/2017\\\/01\\\/cloppF.jpg?fit=1200%2C800&ssl=1\",\"datePublished\":\"2017-01-16T10:32:02+00:00\",\"dateModified\":\"2017-02-27T11:39:54+00:00\",\"breadcrumb\":{\"@id\":\"https:\\\/\\\/flu-or.com\\\/web\\\/clopp\\\/#breadcrumb\"},\"inLanguage\":\"es\",\"potentialAction\":[{\"@type\":\"ReadAction\",\"target\":[\"https:\\\/\\\/flu-or.com\\\/web\\\/clopp\\\/\"]}]},{\"@type\":\"ImageObject\",\"inLanguage\":\"es\",\"@id\":\"https:\\\/\\\/flu-or.com\\\/web\\\/clopp\\\/#primaryimage\",\"url\":\"https:\\\/\\\/i0.wp.com\\\/flu-or.com\\\/web\\\/wp-content\\\/uploads\\\/2017\\\/01\\\/cloppF.jpg?fit=1200%2C800&ssl=1\",\"contentUrl\":\"https:\\\/\\\/i0.wp.com\\\/flu-or.com\\\/web\\\/wp-content\\\/uploads\\\/2017\\\/01\\\/cloppF.jpg?fit=1200%2C800&ssl=1\",\"width\":1200,\"height\":800},{\"@type\":\"BreadcrumbList\",\"@id\":\"https:\\\/\\\/flu-or.com\\\/web\\\/clopp\\\/#breadcrumb\",\"itemListElement\":[{\"@type\":\"ListItem\",\"position\":1,\"name\":\"Portada\",\"item\":\"http:\\\/\\\/flu-or.com\\\/web\\\/\"},{\"@type\":\"ListItem\",\"position\":2,\"name\":\"Clopp\"}]},{\"@type\":\"WebSite\",\"@id\":\"http:\\\/\\\/flu-or.com\\\/web\\\/#website\",\"url\":\"http:\\\/\\\/flu-or.com\\\/web\\\/\",\"name\":\"FLU-OR Arquitectura\",\"description\":\"\",\"publisher\":{\"@id\":\"http:\\\/\\\/flu-or.com\\\/web\\\/#organization\"},\"potentialAction\":[{\"@type\":\"SearchAction\",\"target\":{\"@type\":\"EntryPoint\",\"urlTemplate\":\"http:\\\/\\\/flu-or.com\\\/web\\\/?s={search_term_string}\"},\"query-input\":{\"@type\":\"PropertyValueSpecification\",\"valueRequired\":true,\"valueName\":\"search_term_string\"}}],\"inLanguage\":\"es\"},{\"@type\":\"Organization\",\"@id\":\"http:\\\/\\\/flu-or.com\\\/web\\\/#organization\",\"name\":\"FLU-OR\",\"url\":\"http:\\\/\\\/flu-or.com\\\/web\\\/\",\"logo\":{\"@type\":\"ImageObject\",\"inLanguage\":\"es\",\"@id\":\"http:\\\/\\\/flu-or.com\\\/web\\\/#\\\/schema\\\/logo\\\/image\\\/\",\"url\":\"https:\\\/\\\/i1.wp.com\\\/flu-or.com\\\/web\\\/wp-content\\\/uploads\\\/2017\\\/03\\\/525743_423043221147125_1050716653_n.jpg?fit=960%2C960&ssl=1\",\"contentUrl\":\"https:\\\/\\\/i1.wp.com\\\/flu-or.com\\\/web\\\/wp-content\\\/uploads\\\/2017\\\/03\\\/525743_423043221147125_1050716653_n.jpg?fit=960%2C960&ssl=1\",\"width\":960,\"height\":960,\"caption\":\"FLU-OR\"},\"image\":{\"@id\":\"http:\\\/\\\/flu-or.com\\\/web\\\/#\\\/schema\\\/logo\\\/image\\\/\"},\"sameAs\":[\"https:\\\/\\\/www.facebook.com\\\/xeracionfluor\\\/\",\"https:\\\/\\\/x.com\\\/flu_or\",\"https:\\\/\\\/www.instagram.com\\\/flu__or\\\/\",\"https:\\\/\\\/www.linkedin.com\\\/company-beta\\\/3530617\\\/\"]}]}<\/script>\n<!-- \/ Yoast SEO plugin. -->","yoast_head_json":{"title":"Clopp - FLU-OR Arquitectura","robots":{"index":"index","follow":"follow","max-snippet":"max-snippet:-1","max-image-preview":"max-image-preview:large","max-video-preview":"max-video-preview:-1"},"canonical":"https:\/\/flu-or.com\/web\/clopp\/","og_locale":"es_ES","og_type":"article","og_title":"Clopp - FLU-OR Arquitectura","og_description":"Clopp es una tienda de ropa emplazada en un local situado en la calle San Andr\u00e9s 44 en A Coru\u00f1a.  Se trata de un espacio rectangular estrecho, donde la piedra y el enfoscado blanco son los protagonistas. El color natural de la piedra se conjuga con los tonos de madera de roble utilizados en el mobiliario, como puede ser el mostrador y los percheros. Las paredes de piedra se rematan en su base con un z\u00f3calo de piedra, del cual emergen los percheros conformados en cobre y acero. El cobre se ha utilizado como material base en todos los elementos que componen la tienda. El mostrador se muestra como un bloque de madera apoyado en dos conjuntos de patas tambi\u00e9n rematadas en cobre y acero. Mas all\u00e1 del arco de piedra existente est\u00e1 la zona de transici\u00f3n a la parte trasera, donde se sit\u00faa el aseo y los probadores, tambi\u00e9n resueltos con tablero marino.  fotograf\u00eda: Rub\u00e9n Ulloa","og_url":"https:\/\/flu-or.com\/web\/clopp\/","og_site_name":"FLU-OR Arquitectura","article_publisher":"https:\/\/www.facebook.com\/xeracionfluor\/","article_modified_time":"2017-02-27T11:39:54+00:00","og_image":[{"width":1200,"height":800,"url":"https:\/\/i0.wp.com\/flu-or.com\/web\/wp-content\/uploads\/2017\/01\/cloppF.jpg?fit=1200%2C800&ssl=1","type":"image\/jpeg"}],"twitter_card":"summary_large_image","twitter_site":"@flu_or","schema":{"@context":"https:\/\/schema.org","@graph":[{"@type":"WebPage","@id":"https:\/\/flu-or.com\/web\/clopp\/","url":"https:\/\/flu-or.com\/web\/clopp\/","name":"Clopp - FLU-OR Arquitectura","isPartOf":{"@id":"http:\/\/flu-or.com\/web\/#website"},"primaryImageOfPage":{"@id":"https:\/\/flu-or.com\/web\/clopp\/#primaryimage"},"image":{"@id":"https:\/\/flu-or.com\/web\/clopp\/#primaryimage"},"thumbnailUrl":"https:\/\/i0.wp.com\/flu-or.com\/web\/wp-content\/uploads\/2017\/01\/cloppF.jpg?fit=1200%2C800&ssl=1","datePublished":"2017-01-16T10:32:02+00:00","dateModified":"2017-02-27T11:39:54+00:00","breadcrumb":{"@id":"https:\/\/flu-or.com\/web\/clopp\/#breadcrumb"},"inLanguage":"es","potentialAction":[{"@type":"ReadAction","target":["https:\/\/flu-or.com\/web\/clopp\/"]}]},{"@type":"ImageObject","inLanguage":"es","@id":"https:\/\/flu-or.com\/web\/clopp\/#primaryimage","url":"https:\/\/i0.wp.com\/flu-or.com\/web\/wp-content\/uploads\/2017\/01\/cloppF.jpg?fit=1200%2C800&ssl=1","contentUrl":"https:\/\/i0.wp.com\/flu-or.com\/web\/wp-content\/uploads\/2017\/01\/cloppF.jpg?fit=1200%2C800&ssl=1","width":1200,"height":800},{"@type":"BreadcrumbList","@id":"https:\/\/flu-or.com\/web\/clopp\/#breadcrumb","itemListElement":[{"@type":"ListItem","position":1,"name":"Portada","item":"http:\/\/flu-or.com\/web\/"},{"@type":"ListItem","position":2,"name":"Clopp"}]},{"@type":"WebSite","@id":"http:\/\/flu-or.com\/web\/#website","url":"http:\/\/flu-or.com\/web\/","name":"FLU-OR Arquitectura","description":"","publisher":{"@id":"http:\/\/flu-or.com\/web\/#organization"},"potentialAction":[{"@type":"SearchAction","target":{"@type":"EntryPoint","urlTemplate":"http:\/\/flu-or.com\/web\/?s={search_term_string}"},"query-input":{"@type":"PropertyValueSpecification","valueRequired":true,"valueName":"search_term_string"}}],"inLanguage":"es"},{"@type":"Organization","@id":"http:\/\/flu-or.com\/web\/#organization","name":"FLU-OR","url":"http:\/\/flu-or.com\/web\/","logo":{"@type":"ImageObject","inLanguage":"es","@id":"http:\/\/flu-or.com\/web\/#\/schema\/logo\/image\/","url":"https:\/\/i1.wp.com\/flu-or.com\/web\/wp-content\/uploads\/2017\/03\/525743_423043221147125_1050716653_n.jpg?fit=960%2C960&ssl=1","contentUrl":"https:\/\/i1.wp.com\/flu-or.com\/web\/wp-content\/uploads\/2017\/03\/525743_423043221147125_1050716653_n.jpg?fit=960%2C960&ssl=1","width":960,"height":960,"caption":"FLU-OR"},"image":{"@id":"http:\/\/flu-or.com\/web\/#\/schema\/logo\/image\/"},"sameAs":["https:\/\/www.facebook.com\/xeracionfluor\/","https:\/\/x.com\/flu_or","https:\/\/www.instagram.com\/flu__or\/","https:\/\/www.linkedin.com\/company-beta\/3530617\/"]}]}},"jetpack_sharing_enabled":true,"_links":{"self":[{"href":"https:\/\/flu-or.com\/web\/wp-json\/wp\/v2\/pages\/380","targetHints":{"allow":["GET"]}}],"collection":[{"href":"https:\/\/flu-or.com\/web\/wp-json\/wp\/v2\/pages"}],"about":[{"href":"https:\/\/flu-or.com\/web\/wp-json\/wp\/v2\/types\/page"}],"author":[{"embeddable":true,"href":"https:\/\/flu-or.com\/web\/wp-json\/wp\/v2\/users\/1"}],"replies":[{"embeddable":true,"href":"https:\/\/flu-or.com\/web\/wp-json\/wp\/v2\/comments?post=380"}],"version-history":[{"count":1,"href":"https:\/\/flu-or.com\/web\/wp-json\/wp\/v2\/pages\/380\/revisions"}],"predecessor-version":[{"id":661,"href":"https:\/\/flu-or.com\/web\/wp-json\/wp\/v2\/pages\/380\/revisions\/661"}],"wp:featuredmedia":[{"embeddable":true,"href":"https:\/\/flu-or.com\/web\/wp-json\/wp\/v2\/media\/652"}],"wp:attachment":[{"href":"https:\/\/flu-or.com\/web\/wp-json\/wp\/v2\/media?parent=380"}],"curies":[{"name":"wp","href":"https:\/\/api.w.org\/{rel}","templated":true}]}}